st common factor of l and 19.
19
Let o(l) = l**2 - l - 4. Let z be o(-4). Let y be (-1)/((-1)/20) + (-20 + 16 - -8). What is the greatest common factor of y and z?
8
Let m be 5/(2 - 3) - (-3 + -194). Let q be (71 - -1)/(3/2). Calculate the greatest common divisor of q and m.
48
Let c(o) be the second derivative of o**4/3 + 7*o**3/6 - 11*o**2/2 + 3*o. Let n be c(-7). What is the greatest common factor of 17 and n?
17
Let w = -1188 - -1236. What is the highest common divisor of w and 128?
16
Let x(p) = 5*p**2 + 14*p - 8. Let s be x(4). What is the greatest common divisor of 8 and s?
8
Let z(s) = 12*s**2 + 5*s + 3. Let a be z(-3). Let j be (-20)/(-12)*-3 - -17. What is the highest common divisor of j and a?
12
Let b = -6 + 6. Suppose 4*m - 6 + 22 = b. Let g(i) = -6*i. Let w be g(m). What is the greatest common divisor of w and 96?
24
Let l = -284 + 317. What is the highest common divisor of l and 528?
33
Let m be 3*((-4)/26 - (-930)/130). Let w be 3/1*(83 - 6). What is the highest common divisor of w and m?
21
Suppose j = 3*j - 4, -f = -j. Suppose -5*o = -15, f*o + 3 - 94 = -5*x. What is the greatest common factor of x and 51?
17
Suppose -k - 5*q + 13 = -9*q, -3*q - 13 = -4*k. Let z(s) = -s**2 - 8*s - 3. Let t be z(-6). What is the greatest common factor of k and t?
1
Suppose 80 = 4*x + 3*d, 0 = 4*x - 99*d + 100*d - 80. Calculate the highest common factor of 980 and x.
20
Suppose 4*q - 94 = 34. Calculate the greatest common divisor of q and 528.
16
Suppose 0 = 4*k - 156 + 28. Suppose k - 132 = -5*f. Let q = f - 2. Calculate the greatest common divisor of q and 9.
9
Suppose -280 = -5*s - 4*q, -57*s + 59*s = q + 125. Calculate the highest common factor of 24 and s.
12
Let d(i) = -i**2 + 28*i + 15. Let v be d(27). What is the highest common divisor of 210 and v?
42
Let u(g) = 5*g**2 + 11*g + 29. Let m be u(-4). What is the highest common factor of m and 221?
13
Let a = 35 + 10. Suppose -5*c + 185 = a. Calculate the highest common factor of 4 and c.
4
Let s = -47 + 55. What is the highest common factor of 72 and s?
8
Let h be (-1)/3 - (-8)/6. Let o be (h - -14)*(-4)/(-6). Suppose -15 - 45 = -4*i. Calculate the highest common divisor of i and o.
5
Let p(r) = 3*r**3 + 3*r**2 - 4*r + 9. Let b be p(3). Suppose 0 = 2*u - 11 - 19. What is the highest common divisor of b and u?
15
Let g be 5/(-25)*5 + (235 - 0). What is the greatest common factor of g and 52?
26
Let j = 25 - -75. Suppose -5*i + 108 = 2*o - 9, 0 = i - 2*o - 33. Calculate the greatest common factor of j and i.
25
Suppose -4*a + x = -35, 3*x - 21 - 4 = -a. Calculate the greatest common divisor of 630 and a.
10
Suppose 12*m - 16*m + 32 = r, 5*m = 20. Let o be (0 - 1)*(1 + -25). Calculate the highest common divisor of o and r.
8
Let d be (42/28)/(4/1536). What is the highest common factor of d and 18?
18
Let t(d) = 1. Let y(g) = g**2 - 16*g + 11. Let c(v) = 5*t(v) + y(v). Let w be c(13). Let p = w - -34. Calculate the highest common divisor of 66 and p.
11
Suppose -u - 12 = -4*u. Let c(t) = -t**3 + 7*t**2 - 10*t + 4. Let w be c(5). Let j be (w + -5)/(18/(-8) + 2). Calculate the greatest common divisor of j and u.
4
Let p(d) = -3*d + 6. Let r be p(5). Let k = 11 + r. What is the greatest common divisor of k and 2?
2
Let x(z) = 8*z**2 - 4*z - 1. Suppose -3*b + 4 = 16. Let p be x(b). Let s = 3 - -10. What is the greatest common factor of s and p?
13
Let z(u) = -22*u + 4. Let i be z(-3). Calculate the greatest common divisor of i and 70.
70
Suppose -5*h - 32 = -t, 2*t - 4*h - 8 = 50. What is the highest common divisor of t and 63?
9
Suppose -20*q = -18*q. Let s be q/(-4) - (0 - 7). What is the greatest common factor of s and 63?
7
Let o(r) = -14*r + 8. Let z be o(-3). Calculate the greatest common divisor of 30 and z.
10
Suppose 10*l + z = 7*l + 17, 4*z - 20 = 0. Let y = -34 - -54. Calculate the greatest common divisor of y and l.
4
Suppose -3*q + 24 + 69 = 0. Let b(l) = -48*l + 3. Let y be b(-1). Let a = y - q. What is the highest common divisor of 60 and a?
20
Suppose 3*u = 15*u. Suppose g + 27 - 48 = u. Calculate the greatest common divisor of 21 and g.
21
Suppose 0 = 2*d + 2, -m = m + 2*d - 196. Suppose -4*w + 4*h = -28, 5*w + 3*h = 9 + 10. Let j = w + m. What is the greatest common factor of 26 and j?
26
Let w be (-9 + 7)*(-33 - 1). Suppose 3*u + 4*y = w, -2*u = -6*u - 5*y + 90. Let l = -4 + u. What is the highest common factor of 24 and l?
8
Let q be ((-1)/3)/1 + (-1456)/(-21). Calculate the greatest common factor of q and 23.
23
Let f be -10*-1*(-4)/(-8). Suppose f*o = 128 - 18. What is the greatest common divisor of 22 and o?
22
Let m(f) = -f - 2. Let x be m(-7). Let o be 6/x*(-40)/(-12). Suppose 129 = o*l - 311. What is the greatest common factor of l and 44?
22
Let d(h) = -h + 4. Let l be (-9)/6*8/(-3). Let f be d(l). Suppose f = -6*n + n + 175. What is the highest common divisor of n and 7?
7
Let b = 79 - -29. Suppose 2*l = -2*l + b. Calculate the highest common factor of l and 9.
9
Suppose -22*g = -2348 - 11380. What is the highest common divisor of 48 and g?
48
Let l be (-2 - 78)/(1 + -3). Suppose 0 = 3*m + m - 5*q, -21 = -m - 4*q. Calculate the highest common divisor of m and l.
5
Suppose u + 2*p + 16 = -15, -5*p = -5*u - 215. Let g = u - -41. What is the highest common factor of g and 2?
2
Suppose 14*r = 3*r + 1265. Calculate the greatest common divisor of 5 and r.
5
Let z be (88/6)/(3/9). Let p = 58 - z. What is the highest common factor of p and 42?
14
Suppose 2*d = -4*x + x + 80, -3*d - 6 = 0. What is the greatest common factor of 882 and x?
14
Suppose -72*u - 800 = -88*u. Suppose o = -2*z + 24, 0 = 4*o + 3*z - 0*z - 86. Calculate the greatest common divisor of o and u.
10
Let y be (-69)/(-21) + 4/(-14). Suppose 0 = 7*i - 5*i. Suppose -3*n + y*j = -i*j - 48, -4*n + 76 = -j. What is the highest common factor of n and 20?
20
Let q(p) = p + 11. Let y(f) = f**2 + 8*f + 10. Let t be y(-8). Let x be q(t). Suppose 0*g - x = -g. Calculate the greatest common factor of 84 and g.
21
Suppose -5*y + 180 = -y. Let u be (-2)/2 + 1 - -26. Let z = y - u. Calculate the greatest common factor of 57 and z.
19
Let i = 273 - 173. Suppose -4*q = i - 252. What is the greatest common factor of 76 and q?
38
Suppose -3*c + 4 + 5 = 0. Suppose -3*u - 5*a = -0*u + 5, 0 = -c*u - 4*a - 1. What is the greatest common factor of u and 5?
5
Let q(c) be the first derivative of -10*c**2 + 4*c + 3. Let o be q(8). Let l = -100 - o. What is the highest common divisor of 14 and l?
14
Let o be (6/8)/(((-36)/(-16))/9). Calculate the highest common divisor of 183 and o.
3
Suppose 18 = 7*v - 3*v + 2*h, -v + 12 = 3*h. Suppose 3 = -v*s + 6. Calculate the highest common divisor of 4 and s.
1
Let v = 121 - 190. Let a = v - -39. Let k be (-8)/(-60) - 626/a. Calculate the highest common factor of 3 and k.
3
Let p be -1 + (-7)/((-14)/12). Suppose 23*g = 28*g - 125. Let d = g - p. Calculate the greatest common divisor of 4 and d.
4
Suppose -13*f + 3972 = -3867. What is the greatest common divisor of 134 and f?
67
Let i = 18 - 32. Let g be 22/(-77) + (-256)/i. Suppose 5*l - 39 = -9. What is the greatest common factor of l and g?
6
Suppose 8*w - 16 = 0, -r + 5*w + 0*w = -12. What is the greatest common divisor of 286 and r?
22
Let v = -31 + 47. Let n = -51 - -59. Let q be (n/(-14))/(3/(-21)). What is the greatest common factor of v and q?
4
Suppose 3*z - 8100 = -24*z. Calculate the greatest common divisor of 40 and z.
20
Suppose -16 = -4*y - 36, m + 44 = 4*y. Let n = m + 110. Calculate the highest common factor of n and 69.
23
Let u(m) = -22*m + 45*m**2 + 7 - 21*m**2 + 0 - 23*m**2. Let q be u(-6). What is the greatest common factor of 25 and q?
25
Let x(s) = 3*s**3 + 3*s + 2 - 8*s + 4*s - 3*s**2. Let t be x(-3). Let v = t - -175. What is the highest common factor of v and 12?
12
Suppose 93 = h - 3*w, 0*h - w = -5*h + 395. Calculate the highest common divisor of 39 and h.
39
Let c = -13 - -22. Let l = c + -11. Let r be (-1 - 4)/(l/20). What is the highest common divisor of 10 and r?
10
Let i = 48 + -25. Let n = i + -21. Suppose -4*j + 0*j = -b - 64, n*b + 83 = 5*j. Calculate the greatest common divisor of j and 135.
15
Let r = -69 - -269. Calculate the greatest common divisor of r and 275.
25
Let g = 256 + -229. What is the greates